are the prime factors of 1045555?
5, 7, 29873
What are the prime factors of 33858?
2, 3, 11, 19
List the prime factors of 3361239.
3, 7, 53353
What are the prime factors of 11258429?
7, 13, 123719
What are the prime factors of 228170?
2, 5, 22817
List the prime factors of 360703.
7, 227
List the prime factors of 8142533.
7, 29, 40111
What are the prime factors of 456585?
3, 5, 61, 499
List the prime factors of 98754.
2, 3, 109, 151
List the prime factors of 13367824.
2, 835489
What are the prime factors of 540445?
5, 108089
What are the prime factors of 758323?
758323
What are the prime factors of 176879?
73, 2423
What are the prime factors of 5822598?
2, 3, 970433
List the prime factors of 4715007.
3, 11, 31, 419
What are the prime factors of 2896295?
5, 579259
List the prime factors of 111139.
7, 15877
What are the prime factors of 786778?
2, 61, 6449
What are the prime factors of 7342590?
2, 3, 5, 244753
List the prime factors of 1223645.
5, 41, 47, 127
List the prime factors of 12035337.
3, 17, 47, 5021
What are the prime factors of 19812204?
2, 3, 727, 757
What are the prime factors of 19505548?
2, 691, 7057
What are the prime factors of 3101000?
2, 5, 7, 443
List the prime factors of 3983656.
2, 497957
List the prime factors of 47674.
2, 11, 197
What are the prime factors of 1308357?
3, 37, 3929
List the prime factors of 12067345.
5, 2413469
List the prime factors of 2045852.
2, 511463
List the prime factors of 5917633.
5917633
What are the prime factors of 8173228?
2, 7, 291901
List the prime factors of 1557082.
2, 778541
What are the prime factors of 210169?
210169
List the prime factors of 4418827.
7, 17, 71, 523
List the prime factors of 415393.
11, 3433
What are the prime factors of 29615566?
2, 19, 779357
List the prime factors of 1514024.
2, 189253
What are the prime factors of 4318433?
7, 71, 8689
List the prime factors of 4359647.
4359647
What are the prime factors of 140641?
17, 8273
List the prime factors of 30860533.
11, 479, 5857
What are the prime factors of 72486?
2, 3, 4027
What are the prime factors of 617565?
3, 5, 13, 3167
What are the prime factors of 1151882?
2, 575941
What are the prime factors of 781719?
3, 260573
List the prime factors of 10776770.
2, 5, 1077677
List the prime factors of 29357270.
2, 5, 2935727
What are the prime factors of 346963?
346963
What are the prime factors of 8350447?
7, 59, 20219
List the prime factors of 918063.
3, 83, 1229
List the prime factors of 12781769.
7, 11, 13, 113
What are the prime factors of 170545?
5, 23, 1483
What are the prime factors of 4196253?
3, 31, 45121
What are the prime factors of 809376?
2, 3, 8431
List the prime factors of 5468353.
11, 43, 1051
List the prime factors of 2353229.
1093, 2153
List the prime factors of 18779564.
2, 67, 79, 887
What are the prime factors of 670207?
61, 10987
List the prime factors of 633012.
2, 3, 17, 29, 107
List the prime factors of 1396049.
1396049
List the prime factors of 15298686.
2, 3, 13, 19, 31, 37
List the prime factors of 626316.
2, 3, 19, 41, 67
What are the prime factors of 780068?
2, 23, 61, 139
What are the prime factors of 16898003?
67, 252209
List the prime factors of 12129278.
2, 7, 67, 193
List the prime factors of 17360.
2, 5, 7, 31
What are the prime factors of 17511209?
61, 257, 1117
What are the prime factors of 1879025?
5, 75161
What are the prime factors of 1038620?
2, 5, 11, 4721
What are the prime factors of 520178?
2, 260089
List the prime factors of 8683890.
2, 3, 5, 289463
List the prime factors of 16045532.
2, 79, 50777
What are the prime factors of 217147?
7, 67, 463
List the prime factors of 11654238.
2, 3, 23, 79, 1069
What are the prime factors of 2054431?
479, 4289
What are the prime factors of 40627?
40627
List the prime factors of 999612.
2, 3, 27767
What are the prime factors of 328567?
19, 17293
List the prime factors of 75534.
2, 3, 12589
List the prime factors of 125779.
73, 1723
What are the prime factors of 512532?
2, 3, 23, 619
What are the prime factors of 526916?
2, 13, 10133
What are the prime factors of 20820478?
2, 7, 17, 87481
What are the prime factors of 31662?
2, 3, 1759
List the prime factors of 6614510.
2, 5, 7, 13499
What are the prime factors of 7410400?
2, 5, 59, 157
What are the prime factors of 106288?
2, 7, 13, 73
What are the prime factors of 11339401?
43, 89, 2963
List the prime factors of 625286.
2, 312643
List the prime factors of 8205207.
3, 19, 41, 3511
List the prime factors of 1992434.
2, 17, 58601
What are the prime factors of 17520081?
3, 17, 343531
List the prime factors of 7764417.
3, 95857
What are the prime factors of 676085?
5, 23, 5879
What are the prime factors of 532893?
3, 19, 9349
List the prime factors of 1692666.
2, 3, 271, 347
List the prime factors of 435613.
19, 101, 227
List the prime factors of 35699595.
3, 5, 2379973
List the prime factors of 981741.
3, 327247
What are the prime factors of 290766?
2, 3, 7, 23, 43
List the prime factors of 2040545.
5, 13, 31393
What are the prime factors of 998916?
2, 3, 83243
What are the prime factors of 3282521?
11, 298411
What are the prime factors of 888436?
2, 222109
What are the prime factors of 1963001?
1963001
What are the prime factors of 656968?
2, 13, 6317
What are the prime factors of 5745375?
3, 5, 5107
List the prime factors of 2217103.
7, 45247
List the prime factors of 4465231.
4465231
List the prime factors of 31374085.
5, 29, 216373
What are the prime factors of 8756354?
2, 89, 49193
What are the prime factors of 2063712?
2, 3, 7, 37, 83
List the prime factors of 8033485.
5, 19, 103, 821
What are the prime factors of 4921314?
2, 3, 137, 5987
List the prime factors of 308727.
3, 34303
List the prime factors of 1537774.
2, 7, 109841
List the prime factors of 8419940.
2, 5, 420997
What are the prime factors of 562067?
11, 37, 1381
What are the prime factors of 1699112?
2, 163, 1303
List the prime factors of 569357.
29, 677
What are the prime factors of 4585640?
2, 5, 114641
List the prime factors of 40828791.
3, 1879, 7243
List the prime factors of 154426.
2, 77213
List the prime factors of 641828.
2, 11, 29, 503
What are the prime factors of 77968?
2, 11, 443
What are the prime factors of 576185?
5, 115237
What are the prime factors of 5679887?
17, 229, 1459
What are the prime factors of 331557?
3, 29, 37, 103
List the prime factors of 117124.
2, 7, 47, 89
List the prime factors of 2149210.
2, 5, 7, 30703
List the prime factors of 844610.
2, 5, 13, 73, 89
What are the prime factors of 7651193?
11, 37, 1709
List the prime factors of 1104581.
29, 41, 929
What are the prime factors of 255918?
2, 3, 13, 17, 193
List the prime factors of 4092015.
3, 5, 37, 73, 101
List the prime factors of 2360503.
19, 283, 439
What are the prime factors of 65514?
2, 3, 61, 179
What are the prime factors of 10300605?
3, 5, 7, 98101
What are the prime factors of 18356497?
53, 346349
List the prime factors of 406316.
2, 157, 647
What are the prime factors of 86236?
2, 21559
List the prime factors of 885610.
2, 5, 11, 83, 97
What are the prime factors of 1300058?
2, 17, 38237
List the prime factors of 1612991.
1612991
What are the prime factors of 420715?
5, 84143
List the prime factors of 812818.
2, 47, 8647
What are the prime factors of 32569554?
2, 3, 383, 14173
What are the prime factors of 637420?
2, 5, 7, 29, 157
What are the prime factors of 8245897?
11, 139, 5393
What are the prime factors of 1054601?
311, 3391
What are the prime factors of 18914493?
3, 13, 484987
List the prime factors of 1935241.
7, 11, 41, 613
What are the prime factors of 214042?
2, 107021
List the prime factors of 763966.
2, 7, 197, 277
What are the prime factors of 23474554?
2, 269, 43633
List the prime factors of 20536015.
5, 571, 7193
What are the prime factors of 225508?
2, 56377
List the prime factors of 2024632.
2, 17, 14887
What are the prime factors of 2160956?
2, 7, 71, 1087
What are the prime factors of 1017397?
127, 8011
List the prime factors of 181252.
2, 113, 401
What are the prime factors of 4793206?
2, 11, 19, 11467
List the prime factors of 33794004.
2, 3, 41, 68687
List the prime factors of 567191.
577, 983
List the prime factors of 433743.
3, 163, 887
What are the prime factors of 1493051?
7, 263, 811
What are the pri